{"id":37,"date":"2017-03-10T17:32:09","date_gmt":"2017-03-10T17:32:09","guid":{"rendered":"http:\/\/praxis-schoenian.de\/?page_id=37"},"modified":"2017-05-30T20:58:58","modified_gmt":"2017-05-30T20:58:58","slug":"anfahrt","status":"publish","type":"page","link":"https:\/\/www.praxis-schoenian.de\/?page_id=37","title":{"rendered":"Lage \/ Anfahrt"},"content":{"rendered":"<p><strong><img loading=\"lazy\" decoding=\"async\" class=\"alignright size-medium wp-image-71\" src=\"http:\/\/praxis-schoenian.de\/wp-content\/uploads\/2017\/03\/P1050122-300x93.jpg\" alt=\"\" width=\"300\" height=\"93\" srcset=\"https:\/\/www.praxis-schoenian.de\/wp-content\/uploads\/2017\/03\/P1050122-300x93.jpg 300w, https:\/\/www.praxis-schoenian.de\/wp-content\/uploads\/2017\/03\/P1050122-250x78.jpg 250w, https:\/\/www.praxis-schoenian.de\/wp-content\/uploads\/2017\/03\/P1050122-150x47.jpg 150w, https:\/\/www.praxis-schoenian.de\/wp-content\/uploads\/2017\/03\/P1050122.jpg 483w\" sizes=\"(max-width: 300px) 100vw, 300px\" \/>Praxis Dr. Axel Sch\u00f6nian<br \/>\n<\/strong>Hauptstra\u00dfe 59<br \/>\n26524 Hage<\/p>\n<p><span style=\"font-size: 12pt;\">Parkpl\u00e4tze direkt bei der Praxis<br \/>\nDie Praxis ist ebenerdig und behindertengerecht<\/span><br \/>\n[wpgmza id=&#8220;1&#8243;]<\/p>\n<hr \/>\n<p>&nbsp;<\/p>\n","protected":false},"excerpt":{"rendered":"<p>Praxis Dr. Axel Sch\u00f6nian Hauptstra\u00dfe 59 26524 Hage Parkpl\u00e4tze direkt bei der Praxis Die Praxis ist ebenerdig und behindertengerecht [wpgmza id=&#8220;1&#8243;] &nbsp;<\/p>\n<p> <a class=\"continue-reading-link\" href=\"https:\/\/www.praxis-schoenian.de\/?page_id=37\"><span>Continue reading<\/span><i class=\"crycon-right-dir\"><\/i><\/a> <\/p>\n","protected":false},"author":1,"featured_media":0,"parent":0,"menu_order":0,"comment_status":"closed","ping_status":"closed","template":"","meta":{"footnotes":""},"_links":{"self":[{"href":"https:\/\/www.praxis-schoenian.de\/index.php?rest_route=\/wp\/v2\/pages\/37"}],"collection":[{"href":"https:\/\/www.praxis-schoenian.de\/index.php?rest_route=\/wp\/v2\/pages"}],"about":[{"href":"https:\/\/www.praxis-schoenian.de\/index.php?rest_route=\/wp\/v2\/types\/page"}],"author":[{"embeddable":true,"href":"https:\/\/www.praxis-schoenian.de\/index.php?rest_route=\/wp\/v2\/users\/1"}],"replies":[{"embeddable":true,"href":"https:\/\/www.praxis-schoenian.de\/index.php?rest_route=%2Fwp%2Fv2%2Fcomments&post=37"}],"version-history":[{"count":17,"href":"https:\/\/www.praxis-schoenian.de\/index.php?rest_route=\/wp\/v2\/pages\/37\/revisions"}],"predecessor-version":[{"id":81,"href":"https:\/\/www.praxis-schoenian.de\/index.php?rest_route=\/wp\/v2\/pages\/37\/revisions\/81"}],"wp:attachment":[{"href":"https:\/\/www.praxis-schoenian.de\/index.php?rest_route=%2Fwp%2Fv2%2Fmedia&parent=37"}],"curies":[{"name":"wp","href":"https:\/\/api.w.org\/{rel}","templated":true}]}}