{"id":264,"date":"2024-10-17T20:05:40","date_gmt":"2024-10-17T20:05:40","guid":{"rendered":"http:\/\/www.praxis-schoenian.de\/?page_id=264"},"modified":"2024-10-17T20:12:06","modified_gmt":"2024-10-17T20:12:06","slug":"stellenangebote","status":"publish","type":"page","link":"https:\/\/www.praxis-schoenian.de\/?page_id=264","title":{"rendered":"Stellenangebote"},"content":{"rendered":"<p>&nbsp;<\/p>\n<p><strong>WIR ERWEITERN UNSER PRAXIS-TEAM<\/strong><\/p>\n<p>&nbsp;<\/p>\n<p>Dazu suchen wir eine \u00c4rztin oder einen Arzt.<\/p>\n<p>-Angestellten-Verh\u00e4ltnis oder Berufsaus\u00fcbungsgemeinschaft (Gemeinschaftspraxis) m\u00f6glich.<\/p>\n<p>-Wir sind flexibel bez\u00fcglich der Arbeitszeiten (z.B. Vollzeit, Teilzeit).<\/p>\n<p>Bitte sprechen Sie uns telefonisch oder pers\u00f6nlich in der Praxis an.<\/p>\n<p>&nbsp;<\/p>\n<p>Es besteht eine Weiterbildungserm\u00e4chtigung \u00fcber 18 Monate zum Facharzt f\u00fcr Allgemeinmedizin nach der WB-Ordnung vom 01.12.2017.<\/p>\n","protected":false},"excerpt":{"rendered":"<p>&nbsp; WIR ERWEITERN UNSER PRAXIS-TEAM &nbsp; Dazu suchen wir eine \u00c4rztin oder einen Arzt. -Angestellten-Verh\u00e4ltnis oder Berufsaus\u00fcbungsgemeinschaft (Gemeinschaftspraxis) m\u00f6glich. -Wir sind flexibel bez\u00fcglich der Arbeitszeiten (z.B. Vollzeit, Teilzeit). Bitte sprechen Sie uns telefonisch oder pers\u00f6nlich in der Praxis an. &nbsp; Es besteht eine Weiterbildungserm\u00e4chtigung \u00fcber 18 Monate zum Facharzt f\u00fcr\u2026<\/p>\n<p> <a class=\"continue-reading-link\" href=\"https:\/\/www.praxis-schoenian.de\/?page_id=264\"><span>Continue reading<\/span><i class=\"crycon-right-dir\"><\/i><\/a> <\/p>\n","protected":false},"author":1,"featured_media":0,"parent":0,"menu_order":4,"comment_status":"closed","ping_status":"closed","template":"","meta":{"footnotes":""},"_links":{"self":[{"href":"https:\/\/www.praxis-schoenian.de\/index.php?rest_route=\/wp\/v2\/pages\/264"}],"collection":[{"href":"https:\/\/www.praxis-schoenian.de\/index.php?rest_route=\/wp\/v2\/pages"}],"about":[{"href":"https:\/\/www.praxis-schoenian.de\/index.php?rest_route=\/wp\/v2\/types\/page"}],"author":[{"embeddable":true,"href":"https:\/\/www.praxis-schoenian.de\/index.php?rest_route=\/wp\/v2\/users\/1"}],"replies":[{"embeddable":true,"href":"https:\/\/www.praxis-schoenian.de\/index.php?rest_route=%2Fwp%2Fv2%2Fcomments&post=264"}],"version-history":[{"count":3,"href":"https:\/\/www.praxis-schoenian.de\/index.php?rest_route=\/wp\/v2\/pages\/264\/revisions"}],"predecessor-version":[{"id":267,"href":"https:\/\/www.praxis-schoenian.de\/index.php?rest_route=\/wp\/v2\/pages\/264\/revisions\/267"}],"wp:attachment":[{"href":"https:\/\/www.praxis-schoenian.de\/index.php?rest_route=%2Fwp%2Fv2%2Fmedia&parent=264"}],"curies":[{"name":"wp","href":"https:\/\/api.w.org\/{rel}","templated":true}]}}

<p>&nbsp;</p>
<p><strong>WIR ERWEITERN UNSER PRAXIS-TEAM</strong></p>
<p>&nbsp;</p>
<p>Dazu suchen wir eine Ärztin oder einen Arzt.</p>
<p>-Angestellten-Verhältnis oder Berufsausübungsgemeinschaft (Gemeinschaftspraxis) möglich.</p>
<p>-Wir sind flexibel bezüglich der Arbeitszeiten (z.B. Vollzeit, Teilzeit).</p>
<p>Bitte sprechen Sie uns telefonisch oder persönlich in der Praxis an.</p>
<p>&nbsp;</p>
<p>Es besteht eine Weiterbildungsermächtigung über 18 Monate zum Facharzt für Allgemeinmedizin nach der WB-Ordnung vom 01.12.2017.</p>

<p>&nbsp; WIR ERWEITERN UNSER PRAXIS-TEAM &nbsp; Dazu suchen wir eine Ärztin oder einen Arzt. -Angestellten-Verhältnis oder Berufsausübungsgemeinschaft (Gemeinschaftspraxis) möglich. -Wir sind flexibel bezüglich der Arbeitszeiten (z.B. Vollzeit, Teilzeit). Bitte sprechen Sie uns telefonisch oder persönlich in der Praxis an. &nbsp; Es besteht eine Weiterbildungsermächtigung über 18 Monate zum Facharzt für…</p>
<p> <a class="continue-reading-link" href="https://www.praxis-schoenian.de/?page_id=264"><span>Continue reading</span><i class="crycon-right-dir"></i></a> </p>
